{"id":1156,"date":"2019-10-18T12:02:47","date_gmt":"2019-10-18T15:02:47","guid":{"rendered":"https:\/\/gpar.ufc.br\/?page_id=1156"},"modified":"2019-11-07T23:37:07","modified_gmt":"2019-11-08T02:37:07","slug":"robo-hulk-e-dani","status":"publish","type":"page","link":"https:\/\/gpar.ufc.br\/?page_id=1156","title":{"rendered":"Rob\u00f4 NI DaNi"},"content":{"rendered":"\n<p>Esse projeto tem como objetivo a proposi\u00e7\u00e3o, implementa\u00e7\u00e3o e testes de novas t\u00e9cnicas de controle para seguimento de trajet\u00f3rias de refer\u00eancia por um rob\u00f4 de tra\u00e7\u00e3o diferencial n\u00e3o-holon\u00f4mico.<\/p>\n\n\n\n<div class=\"wp-block-kadence-advancedgallery\"><div class=\"kb-gallery-ul kb-gallery-type-slider kb-gallery-id-_15b65b-34 kb-gallery-caption-style-bottom-hover kb-gallery-filter-none\" data-image-filter=\"none\" data-lightbox-caption=\"true\"><div class=\"kt-blocks-carousel kt-carousel-container-dotstyle-dark\"><div class=\"kt-blocks-carousel-init kb-blocks-slider kt-carousel-arrowstyle-whiteondark kt-carousel-dotstyle-dark\" data-slider-anim-speed=\"400\" data-slider-type=\"slider\" data-slider-scroll=\"1\" data-slider-arrows=\"true\" data-slider-dots=\"true\" data-slider-hover-pause=\"false\" data-slider-auto=\"false\" data-slider-speed=\"7000\"><div class=\"kb-slide-item kb-gallery-slide-item\"><li class=\"kadence-blocks-gallery-item\"><div class=\"kadence-blocks-gallery-item-inner\"><figure class=\"kb-gallery-figure kadence-blocks-gallery-item-hide-caption kb-has-image-ratio-inherit\"><div class=\"kb-gal-image-radius\"><div class=\"kb-gallery-image-contain kadence-blocks-gallery-intrinsic kb-gallery-image-ratio-inherit\"><img loading=\"lazy\" decoding=\"async\" width=\"513\" height=\"487\" src=\"https:\/\/gpar.ufc.br\/wp-content\/uploads\/2019\/11\/NI-Dani-control-1.jpg\" alt=\"\" data-full-image=\"https:\/\/gpar.ufc.br\/wp-content\/uploads\/2019\/11\/NI-Dani-control-1.jpg\" data-light-image=\"https:\/\/gpar.ufc.br\/wp-content\/uploads\/2019\/11\/NI-Dani-control-1.jpg\" data-id=\"1451\" data-link=\"https:\/\/gpar.ufc.br\/?attachment_id=1451\" class=\"wp-image-1451\" srcset=\"https:\/\/gpar.ufc.br\/wp-content\/uploads\/2019\/11\/NI-Dani-control-1.jpg 513w, https:\/\/gpar.ufc.br\/wp-content\/uploads\/2019\/11\/NI-Dani-control-1-300x285.jpg 300w\" sizes=\"(max-width: 513px) 100vw, 513px\" \/><\/div><\/div><\/figure><\/div><\/li><\/div><div class=\"kb-slide-item kb-gallery-slide-item\"><li class=\"kadence-blocks-gallery-item\"><div class=\"kadence-blocks-gallery-item-inner\"><figure class=\"kb-gallery-figure kadence-blocks-gallery-item-hide-caption kb-has-image-ratio-inherit\"><div class=\"kb-gal-image-radius\"><div class=\"kb-gallery-image-contain kadence-blocks-gallery-intrinsic kb-gallery-image-ratio-inherit\"><img loading=\"lazy\" decoding=\"async\" width=\"879\" height=\"591\" src=\"https:\/\/gpar.ufc.br\/wp-content\/uploads\/2019\/11\/Foto-NI-Dani.jpg\" alt=\"\" data-full-image=\"https:\/\/gpar.ufc.br\/wp-content\/uploads\/2019\/11\/Foto-NI-Dani.jpg\" data-light-image=\"https:\/\/gpar.ufc.br\/wp-content\/uploads\/2019\/11\/Foto-NI-Dani.jpg\" data-id=\"1446\" data-link=\"https:\/\/gpar.ufc.br\/?attachment_id=1446\" class=\"wp-image-1446\" srcset=\"https:\/\/gpar.ufc.br\/wp-content\/uploads\/2019\/11\/Foto-NI-Dani.jpg 879w, https:\/\/gpar.ufc.br\/wp-content\/uploads\/2019\/11\/Foto-NI-Dani-300x202.jpg 300w, https:\/\/gpar.ufc.br\/wp-content\/uploads\/2019\/11\/Foto-NI-Dani-768x516.jpg 768w\" sizes=\"(max-width: 879px) 100vw, 879px\" \/><\/div><\/div><\/figure><\/div><\/li><\/div><\/div><\/div><\/div><\/div>\n\n\n\n<p><\/p>\n","protected":false},"excerpt":{"rendered":"<p>Esse projeto tem como objetivo a proposi\u00e7\u00e3o, implementa\u00e7\u00e3o e testes de novas t\u00e9cnicas de controle para seguimento de trajet\u00f3rias de refer\u00eancia por um rob\u00f4 de tra\u00e7\u00e3o diferencial n\u00e3o-holon\u00f4mico.<\/p>\n","protected":false},"author":1,"featured_media":0,"parent":0,"menu_order":0,"comment_status":"closed","ping_status":"closed","template":"","meta":{"kt_blocks_editor_width":"","footnotes":""},"class_list":["post-1156","page","type-page","status-publish","hentry"],"_links":{"self":[{"href":"https:\/\/gpar.ufc.br\/index.php?rest_route=\/wp\/v2\/pages\/1156"}],"collection":[{"href":"https:\/\/gpar.ufc.br\/index.php?rest_route=\/wp\/v2\/pages"}],"about":[{"href":"https:\/\/gpar.ufc.br\/index.php?rest_route=\/wp\/v2\/types\/page"}],"author":[{"embeddable":true,"href":"https:\/\/gpar.ufc.br\/index.php?rest_route=\/wp\/v2\/users\/1"}],"replies":[{"embeddable":true,"href":"https:\/\/gpar.ufc.br\/index.php?rest_route=%2Fwp%2Fv2%2Fcomments&post=1156"}],"version-history":[{"count":14,"href":"https:\/\/gpar.ufc.br\/index.php?rest_route=\/wp\/v2\/pages\/1156\/revisions"}],"predecessor-version":[{"id":1463,"href":"https:\/\/gpar.ufc.br\/index.php?rest_route=\/wp\/v2\/pages\/1156\/revisions\/1463"}],"wp:attachment":[{"href":"https:\/\/gpar.ufc.br\/index.php?rest_route=%2Fwp%2Fv2%2Fmedia&parent=1156"}],"curies":[{"name":"wp","href":"https:\/\/api.w.org\/{rel}","templated":true}]}}